[INFO] cloning repository https://github.com/Ogglord/advent-of-code-rust
[INFO] running `Command { std: "git" "-c" "credential.helper=" "-c" "credential.helper=/workspace/cargo-home/bin/git-credential-null" "clone" "--bare" "https://github.com/Ogglord/advent-of-code-rust" "/workspace/cache/git-repos/https%3A%2F%2Fgithub.com%2FOgglord%2Fadvent-of-code-rust", kill_on_drop: false }`
[INFO] [stderr] Cloning into bare repository '/workspace/cache/git-repos/https%3A%2F%2Fgithub.com%2FOgglord%2Fadvent-of-code-rust'...
[INFO] running `Command { std: "git" "rev-parse" "HEAD", kill_on_drop: false }`
[INFO] [stdout] c5a57f162a54c94c6af8d56b6653fc37792fc67e
[INFO] checking Ogglord/advent-of-code-rust against master#e6e4f7ed1589e03bc2f6c5931c1a72e7947e8682 for beta-170-4
[INFO] running `Command { std: "git" "clone" "/workspace/cache/git-repos/https%3A%2F%2Fgithub.com%2FOgglord%2Fadvent-of-code-rust" "/workspace/builds/worker-1-tc2/source", kill_on_drop: false }`
[INFO] [stderr] Cloning into '/workspace/builds/worker-1-tc2/source'...
[INFO] [stderr] done.
[INFO] validating manifest of git repo https://github.com/Ogglord/advent-of-code-rust on toolchain e6e4f7ed1589e03bc2f6c5931c1a72e7947e8682
[INFO] running `Command { std: CARGO_HOME="/workspace/cargo-home" RUSTUP_HOME="/workspace/rustup-home" "/workspace/cargo-home/bin/cargo" "+e6e4f7ed1589e03bc2f6c5931c1a72e7947e8682" "metadata" "--manifest-path" "Cargo.toml" "--no-deps", kill_on_drop: false }`
[INFO] removed /workspace/builds/worker-1-tc2/source/.cargo/config
[INFO] started tweaking git repo https://github.com/Ogglord/advent-of-code-rust
[INFO] finished tweaking git repo https://github.com/Ogglord/advent-of-code-rust
[INFO] tweaked toml for git repo https://github.com/Ogglord/advent-of-code-rust written to /workspace/builds/worker-1-tc2/source/Cargo.toml
[INFO] crate git repo https://github.com/Ogglord/advent-of-code-rust already has a lockfile, it will not be regenerated
[INFO] running `Command { std: CARGO_HOME="/workspace/cargo-home" RUSTUP_HOME="/workspace/rustup-home" "/workspace/cargo-home/bin/cargo" "+e6e4f7ed1589e03bc2f6c5931c1a72e7947e8682" "fetch" "--manifest-path" "Cargo.toml", kill_on_drop: false }`
[INFO] running `Command { std: "docker" "create" "-v" "/var/lib/crater-agent-workspace/builds/worker-1-tc2/target:/opt/rustwide/target:rw,Z" "-v" "/var/lib/crater-agent-workspace/builds/worker-1-tc2/source:/opt/rustwide/workdir:ro,Z" "-v" "/var/lib/crater-agent-workspace/cargo-home:/opt/rustwide/cargo-home:ro,Z" "-v" "/var/lib/crater-agent-workspace/rustup-home:/opt/rustwide/rustup-home:ro,Z" "-e" "SOURCE_DIR=/opt/rustwide/workdir" "-e" "CARGO_TARGET_DIR=/opt/rustwide/target" "-e" "CARGO_HOME=/opt/rustwide/cargo-home" "-e" "RUSTUP_HOME=/opt/rustwide/rustup-home" "-w" "/opt/rustwide/workdir" "-m" "1610612736" "--user" "0:0" "--network" "none" "ghcr.io/rust-lang/crates-build-env/linux@sha256:19e73879b68f455e41552ea35293514db52ea292d993f571636dbffedb77a1ee" "/opt/rustwide/cargo-home/bin/cargo" "+e6e4f7ed1589e03bc2f6c5931c1a72e7947e8682" "metadata" "--no-deps" "--format-version=1", kill_on_drop: false }`
[INFO] [stdout] b12be27b9965f2af83897c3bdf9473bf18001baafce48c1a07b1d54c81aa3243
[INFO] running `Command { std: "docker" "start" "-a" "b12be27b9965f2af83897c3bdf9473bf18001baafce48c1a07b1d54c81aa3243", kill_on_drop: false }`
[INFO] running `Command { std: "docker" "inspect" "b12be27b9965f2af83897c3bdf9473bf18001baafce48c1a07b1d54c81aa3243", kill_on_drop: false }`
[INFO] running `Command { std: "docker" "rm" "-f" "b12be27b9965f2af83897c3bdf9473bf18001baafce48c1a07b1d54c81aa3243", kill_on_drop: false }`
[INFO] [stdout] b12be27b9965f2af83897c3bdf9473bf18001baafce48c1a07b1d54c81aa3243
[INFO] running `Command { std: "docker" "create" "-v" "/var/lib/crater-agent-workspace/builds/worker-1-tc2/target:/opt/rustwide/target:rw,Z" "-v" "/var/lib/crater-agent-workspace/builds/worker-1-tc2/source:/opt/rustwide/workdir:ro,Z" "-v" "/var/lib/crater-agent-workspace/cargo-home:/opt/rustwide/cargo-home:ro,Z" "-v" "/var/lib/crater-agent-workspace/rustup-home:/opt/rustwide/rustup-home:ro,Z" "-e" "SOURCE_DIR=/opt/rustwide/workdir" "-e" "CARGO_TARGET_DIR=/opt/rustwide/target" "-e" "CARGO_INCREMENTAL=0" "-e" "RUST_BACKTRACE=full" "-e" "RUSTFLAGS=--cap-lints=forbid" "-e" "RUSTDOCFLAGS=--cap-lints=forbid" "-e" "CARGO_HOME=/opt/rustwide/cargo-home" "-e" "RUSTUP_HOME=/opt/rustwide/rustup-home" "-w" "/opt/rustwide/workdir" "-m" "1610612736" "--user" "0:0" "--network" "none" "ghcr.io/rust-lang/crates-build-env/linux@sha256:19e73879b68f455e41552ea35293514db52ea292d993f571636dbffedb77a1ee" "/opt/rustwide/cargo-home/bin/cargo" "+e6e4f7ed1589e03bc2f6c5931c1a72e7947e8682" "check" "--frozen" "--all" "--all-targets" "--message-format=json", kill_on_drop: false }`
[INFO] [stdout] 627636dace6bc98bb0d586070e5a5ad4f608daee8067b9f9eea3fecf7b5fb160
[INFO] running `Command { std: "docker" "start" "-a" "627636dace6bc98bb0d586070e5a5ad4f608daee8067b9f9eea3fecf7b5fb160", kill_on_drop: false }`
[INFO] [stderr]    Compiling proc-macro2 v1.0.43
[INFO] [stderr]    Compiling unicode-ident v1.0.3
[INFO] [stderr]    Compiling quote v1.0.21
[INFO] [stderr]    Compiling syn v1.0.99
[INFO] [stderr]     Checking either v1.8.0
[INFO] [stderr]     Checking itertools v0.10.3
[INFO] [stderr]    Compiling deepsize_derive v0.1.2
[INFO] [stderr]     Checking deepsize v0.2.0
[INFO] [stderr]     Checking aoc v0.1.0 (/opt/rustwide/workdir)
[INFO] [stdout] error: expected `;`, found `}`
[INFO] [stdout]   --> src/bin/14.rs:89:12
[INFO] [stdout]    |
[INFO] [stdout] 89 |     todo!() // return actual max-min
[INFO] [stdout]    |            ^ help: add `;` here
[INFO] [stdout] 90 | }
[INFO] [stdout]    | - unexpected token
[INFO] [stdout] 
[INFO] [stdout] 
[INFO] [stdout] error: expected `;`, found `}`
[INFO] [stdout]   --> src/bin/14.rs:89:12
[INFO] [stdout]    |
[INFO] [stdout] 89 |     todo!() // return actual max-min
[INFO] [stdout]    |            ^ help: add `;` here
[INFO] [stdout] 90 | }
[INFO] [stdout]    | - unexpected token
[INFO] [stdout] 
[INFO] [stdout] 
[INFO] [stdout] warning: unused import: `std::collections::HashMap`
[INFO] [stdout]  --> src/bin/14.rs:2:5
[INFO] [stdout]   |
[INFO] [stdout] 2 | use std::collections::HashMap; // 0.8.0'
[INFO] [stdout]   |     ^^^^^^^^^^^^^^^^^^^^^^^^^
[INFO] [stdout]   |
[INFO] [stdout]   = note: `#[warn(unused_imports)]` on by default
[INFO] [stdout] 
[INFO] [stdout] 
[INFO] [stdout] warning: unused variable: `input`
[INFO] [stdout]  --> src/bin/15.rs:1:17
[INFO] [stdout]   |
[INFO] [stdout] 1 | pub fn part_one(input: &str) -> u32 {
[INFO] [stdout]   |                 ^^^^^ help: if this is intentional, prefix it with an underscore: `_input`
[INFO] [stdout]   |
[INFO] [stdout]   = note: `#[warn(unused_variables)]` on by default
[INFO] [stdout] 
[INFO] [stdout] 
[INFO] [stdout] warning: unused variable: `input`
[INFO] [stdout]  --> src/bin/15.rs:5:17
[INFO] [stdout]   |
[INFO] [stdout] 5 | pub fn part_two(input: &str) -> u32 {
[INFO] [stdout]   |                 ^^^^^ help: if this is intentional, prefix it with an underscore: `_input`
[INFO] [stdout] 
[INFO] [stdout] 
[INFO] [stdout] warning: unused import: `std::collections::HashMap`
[INFO] [stdout]  --> src/bin/14.rs:2:5
[INFO] [stdout]   |
[INFO] [stdout] 2 | use std::collections::HashMap; // 0.8.0'
[INFO] [stdout]   |     ^^^^^^^^^^^^^^^^^^^^^^^^^
[INFO] [stdout]   |
[INFO] [stdout]   = note: `#[warn(unused_imports)]` on by default
[INFO] [stdout] 
[INFO] [stdout] 
[INFO] [stdout] warning: unused variable: `input`
[INFO] [stdout]  --> src/bin/15.rs:1:17
[INFO] [stdout]   |
[INFO] [stdout] 1 | pub fn part_one(input: &str) -> u32 {
[INFO] [stdout]   |                 ^^^^^ help: if this is intentional, prefix it with an underscore: `_input`
[INFO] [stdout]   |
[INFO] [stdout]   = note: `#[warn(unused_variables)]` on by default
[INFO] [stdout] 
[INFO] [stdout] 
[INFO] [stdout] warning: unused variable: `input`
[INFO] [stdout]  --> src/bin/15.rs:5:17
[INFO] [stdout]   |
[INFO] [stdout] 5 | pub fn part_two(input: &str) -> u32 {
[INFO] [stdout]   |                 ^^^^^ help: if this is intentional, prefix it with an underscore: `_input`
[INFO] [stdout] 
[INFO] [stdout] 
[INFO] [stdout] warning: 2 warnings emitted
[INFO] [stdout] 
[INFO] [stdout] 
[INFO] [stdout] error[E0277]: the size for values of type `[u8]` cannot be known at compilation time
[INFO] [stdout]   --> src/bin/14.rs:15:5
[INFO] [stdout]    |
[INFO] [stdout] 15 | /     iter.map(|c| c.split_once(" -> ").unwrap()).map(|t| {
[INFO] [stdout] 16 | |         (
[INFO] [stdout] 17 | |             t.0[0..2].as_bytes(),
[INFO] [stdout] 18 | |             (
[INFO] [stdout] ...  |
[INFO] [stdout] 22 | |         )
[INFO] [stdout] 23 | |     })
[INFO] [stdout]    | |______^ doesn't have a size known at compile-time
[INFO] [stdout]    |
[INFO] [stdout]    = help: the trait `Sized` is not implemented for `[u8]`
[INFO] [stdout]    = note: slice and array elements must have `Sized` type
[INFO] [stdout] 
[INFO] [stdout] 
[INFO] [stdout] error[E0277]: the size for values of type `[u8]` cannot be known at compilation time
[INFO] [stdout]   --> src/bin/14.rs:15:5
[INFO] [stdout]    |
[INFO] [stdout] 15 | /     iter.map(|c| c.split_once(" -> ").unwrap()).map(|t| {
[INFO] [stdout] 16 | |         (
[INFO] [stdout] 17 | |             t.0[0..2].as_bytes(),
[INFO] [stdout] 18 | |             (
[INFO] [stdout] ...  |
[INFO] [stdout] 22 | |         )
[INFO] [stdout] 23 | |     })
[INFO] [stdout]    | |______^ doesn't have a size known at compile-time
[INFO] [stdout]    |
[INFO] [stdout]    = help: the trait `Sized` is not implemented for `[u8]`
[INFO] [stdout]    = note: slice and array elements must have `Sized` type
[INFO] [stdout] 
[INFO] [stdout] 
[INFO] [stdout] warning: 2 warnings emitted
[INFO] [stdout] 
[INFO] [stdout] 
[INFO] [stdout] error[E0271]: expected `[closure@14.rs:15:53]` to be a closure that returns `(&[u8], (&[u8; 2], &[u8; 2]))`, but it returns `(&[u8], (&[[u8]; 2], &[[u8]; 2]))`
[INFO] [stdout]   --> src/bin/14.rs:14:6
[INFO] [stdout]    |
[INFO] [stdout] 14 | ) -> impl Iterator<Item = (&'p [u8], (&'p [u8; 2], &'p [u8; 2]))> + Captures<'p> {
[INFO] [stdout]    |      ^^^^^^^^^^^^^^^^^^^^^^^^^^^^^^^^^^^^^^^^^^^^^^^^^^^^^^^^^^^^^^^^^^^^^^^^^^^ expected `(&[u8], (&[[u8]; 2], &[[u8]; 2]))`, found `(&[u8], (&[u8; 2], &[u8; 2]))`
[INFO] [stdout]    |
[INFO] [stdout]    = note: expected tuple `(&[u8], (&[[u8]; 2], &[[u8]; 2]))`
[INFO] [stdout]               found tuple `(&'p [u8], (&'p [u8; 2], &'p [u8; 2]))`
[INFO] [stdout]    = note: required for `Map<Map<T, [closure@src/bin/14.rs:15:14: 15:17]>, [closure@src/bin/14.rs:15:53: 15:56]>` to implement `Iterator`
[INFO] [stdout] 
[INFO] [stdout] 
[INFO] [stdout] error[E0271]: expected `[closure@14.rs:15:53]` to be a closure that returns `(&[u8], (&[u8; 2], &[u8; 2]))`, but it returns `(&[u8], (&[[u8]; 2], &[[u8]; 2]))`
[INFO] [stdout]   --> src/bin/14.rs:14:6
[INFO] [stdout]    |
[INFO] [stdout] 14 | ) -> impl Iterator<Item = (&'p [u8], (&'p [u8; 2], &'p [u8; 2]))> + Captures<'p> {
[INFO] [stdout]    |      ^^^^^^^^^^^^^^^^^^^^^^^^^^^^^^^^^^^^^^^^^^^^^^^^^^^^^^^^^^^^^^^^^^^^^^^^^^^ expected `(&[u8], (&[[u8]; 2], &[[u8]; 2]))`, found `(&[u8], (&[u8; 2], &[u8; 2]))`
[INFO] [stdout]    |
[INFO] [stdout]    = note: expected tuple `(&[u8], (&[[u8]; 2], &[[u8]; 2]))`
[INFO] [stdout]               found tuple `(&'p [u8], (&'p [u8; 2], &'p [u8; 2]))`
[INFO] [stdout]    = note: required for `Map<Map<T, [closure@src/bin/14.rs:15:14: 15:17]>, [closure@src/bin/14.rs:15:53: 15:56]>` to implement `Iterator`
[INFO] [stdout] 
[INFO] [stdout] 
[INFO] [stdout] warning: unused import: `itertools::Itertools`
[INFO] [stdout]  --> src/bin/14.rs:1:5
[INFO] [stdout]   |
[INFO] [stdout] 1 | use itertools::Itertools;
[INFO] [stdout]   |     ^^^^^^^^^^^^^^^^^^^^
[INFO] [stdout] 
[INFO] [stdout] 
[INFO] [stdout] warning: unused import: `itertools::Itertools`
[INFO] [stdout]  --> src/bin/14.rs:1:5
[INFO] [stdout]   |
[INFO] [stdout] 1 | use itertools::Itertools;
[INFO] [stdout]   |     ^^^^^^^^^^^^^^^^^^^^
[INFO] [stdout] 
[INFO] [stdout] 
[INFO] [stdout] error: aborting due to 3 previous errors; 2 warnings emitted
[INFO] [stdout] 
[INFO] [stdout] 
[INFO] [stdout] Some errors have detailed explanations: E0271, E0277.
[INFO] [stdout] 
[INFO] [stdout] For more information about an error, try `rustc --explain E0271`.
[INFO] [stdout] 
[INFO] [stdout] error: aborting due to 3 previous errors; 2 warnings emitted
[INFO] [stdout] 
[INFO] [stdout] 
[INFO] [stdout] Some errors have detailed explanations: E0271, E0277.
[INFO] [stdout] 
[INFO] [stdout] For more information about an error, try `rustc --explain E0271`.
[INFO] [stdout] 
[INFO] [stderr] error: could not compile `aoc` (bin "14") due to 4 previous errors; 2 warnings emitted
[INFO] [stderr] warning: build failed, waiting for other jobs to finish...
[INFO] [stderr] error: could not compile `aoc` (bin "14" test) due to 4 previous errors; 2 warnings emitted
[INFO] running `Command { std: "docker" "inspect" "627636dace6bc98bb0d586070e5a5ad4f608daee8067b9f9eea3fecf7b5fb160", kill_on_drop: false }`
[INFO] running `Command { std: "docker" "rm" "-f" "627636dace6bc98bb0d586070e5a5ad4f608daee8067b9f9eea3fecf7b5fb160", kill_on_drop: false }`
[INFO] [stdout] 627636dace6bc98bb0d586070e5a5ad4f608daee8067b9f9eea3fecf7b5fb160
